 + 2*w = -u. Calculate the highest common factor of 9 and w.
9
Let x(r) = -4*r - 3. Let u be x(-6). Let o = u + -13. Calculate the highest common factor of o and 2.
2
Let v be 10/6 + (-2)/(-6). Let k = -13 - -18. Suppose -5*l - v*w + 284 = -4*w, 5*w - 270 = -k*l. What is the highest common divisor of l and 7?
7
Let y = -17 + 24. Calculate the highest common factor of y and 77.
7
Let x be -16*-5*(-1)/(-4). Let i(a) = 2*a - 3*a - 2*a**3 + 3*a**3 + 21*a**2 - 17*a**2. Let s be i(3). What is the highest common divisor of x and s?
20
Suppose -g - 5*f + 34 = 0, 62 + 2 = 3*g - 4*f. Calculate the highest common factor of g and 96.
24
Suppose -6*w + 2*w - 4*b = -120, -b - 66 = -2*w. Let r be (-6)/(w/20 - 2). Calculate the highest common divisor of r and 135.
15
Let n = 25 + 1. Suppose -5*g - 30 = -2*h, 3*g + n = 2*h - g. Let f be 4/18 - 669/(-27). What is the greatest common divisor of h and f?
5
Suppose -3*r - 6*x + 26 = -x, 14 = r + 3*x. Suppose 0*y = -4*y + r*z + 54, 2*z - 63 = -5*y. Calculate the highest common divisor of y and 13.
13
Let m = 62 - 6. Calculate the highest common factor of 7 and m.
7
Let n(l) = 17*l + 1. Let y be n(7). Let b = 29 - 9. Calculate the highest common factor of b and y.
20
Let w be (-2)/3 + 112/24. Calculate the greatest common factor of w and 2.
2
Suppose 3 = 3*p + h - 7, 4*p + 3*h = 20. Let b = p + 1. Suppose -32 = -5*s - 2. What is the highest common factor of s and b?
3
Let y(g) = -3*g - 3. Suppose -3*d = -d - 5*q + 15, -9 = d - 3*q. Suppose d = 2*t + 2*t + 20. Let b be y(t). What is the greatest common factor of b and 8?
4
Suppose 4*a - 3*j = 50, -j + 6*j + 32 = 3*a. Let z = -2 + a. Let r(o) = 10*o**2 + 2*o. Let q be r(3). What is the greatest common divisor of q and z?
12
Let b = 69 + 1. What is the highest common divisor of b and 28?
14
Let r(d) = -6*d - 2. Let y be r(-5). Calculate the highest common factor of y and 4.
4
Suppose 55*g = 44*g + 2904. Calculate the greatest common divisor of g and 33.
33
Suppose -5*p = -11 - 199. What is the highest common divisor of 105 and p?
21
Let l = 28 + 20. Suppose g + 3*x = 0, g - x = -4*g + l. What is the greatest common divisor of 63 and g?
9
Let q(y) = 9*y + 3. Let h be q(3). What is the greatest common factor of 30 and h?
30
Suppose 2*b - 18 = -b. What is the highest common factor of 66 and b?
6
Let i be 40*(-4 - (-84)/16). What is the greatest common factor of i and 25?
25
Suppose 7 = 2*a - 37. Let u = -61 + 33. Let q = u + 83. Calculate the highest common factor of a and q.
11
Let z = -9 + 32. Calculate the highest common factor of 207 and z.
23
Suppose 3*r - 4 = b + 16, -3*b = r - 20. Calculate the greatest common divisor of r and 2.
2
Let x be (-78)/(-15)*-5*1. Let z = x + 38. Calculate the highest common divisor of 84 and z.
12
Let w = -131 + 77. Let j be ((-2)/(-2))/((-3)/w). What is the highest common divisor of j and 12?
6
Let s(a) = a**3 + 7*a**2 + 5*a + 1. Let r be s(-6). What is the greatest common factor of r and 77?
7
Suppose 3*k = -9 + 24. Let v(m) = -m**3 + 5*m**2 + 5*m - 3. Let u be v(k). Let s = -4 + u. Calculate the greatest common factor of s and 12.
6
Let p(h) = -4*h - 3. Let v be p(-7). Let w = v - 5. Let m = 46 + w. What is the greatest common factor of 22 and m?
22
Let r be 4/(-10) + (-24)/(-10). Let m be 2/(-2*(-3)/15). Calculate the greatest common divisor of m and r.
1
Let m be 76/(-6) - 14/(-21). Let n be ((-96)/10)/(m/40). What is the highest common divisor of n and 8?
8
Let o(a) = a + 5*a + a**2 + 2 + 1 + 4. Let c be o(-5). Suppose 0 = -c*g + 5*g - 9. Calculate the highest common factor of 2 and g.
1
Suppose -y = 3*v + y - 442, v - y = 139. Calculate the greatest common factor of 16 and v.
16
Let f be (-7 - -2)*-2*1. Let k be 1194/15 + (-8)/(-20). Calculate the greatest common factor of f and k.
10
Let r be (-6)/(-9)*-3 - -6. Suppose 4*y - 344 = r*p, 3*y + 0*y = -p - 78. Let b be 2/(-6) + p/(-9). What is the highest common divisor of 45 and b?
9
Let m(i) = -i**3 + i**2 + 2. Let r be m(0). Let t be 84/30 + r/10. What is the highest common factor of 21 and t?
3
Let o(t) = 6*t. Let q(b) = b**3 - b**2 - 1. Let s be q(3). Suppose -5*u + 3 = -s. Let v be o(u). What is the highest common divisor of v and 3?
3
Let j be 14/8 - (-1)/4. Let x be (-3)/(-9) + (-8)/6. Let d be 1*x/(-3)*15. Calculate the highest common factor of j and d.
1
Let f = -24 - -37. Calculate the greatest common factor of 26 and f.
13
Let m be 4/(-6)*(94 + -4). Let h = m + 88. What is the highest common divisor of 14 and h?
14
Let d = -119 + 179. Calculate the highest common factor of 12 and d.
12
Let b be (-1 + (-1 - -1))*-12. Suppose 2 - b = -2*j. Let t(q) = -q**2 + 12*q - 1. Let p be t(11). Calculate the highest common factor of p and j.
5
Let r(j) = -j**2 - 2*j - 1. Let l be r(-3). Let d be (4/l)/(2/(-14)). Let y = 8 - d. Calculate the highest common factor of y and 11.
1
Let y be (8/10)/(3/(-15)). Let o be (-44)/8*y/2. Let f(b) = -22*b**3 + b**2 + b. Let x be f(-1). What is the greatest common divisor of o and x?
11
Let v be (-25)/(15/3) + 22. Calculate the greatest common divisor of v and 221.
17
Let r be 50 + ((-2)/(-4) - 20/8). What is the greatest common divisor of r and 24?
24
Suppose 0 = -3*y - 3*j + 222, -4*j = -3*y + 203 - 9. What is the highest common factor of 42 and y?
14
Let l(i) = -7*i**3 + i**2 + i - 1. Let h be l(1). Let w = h + 10. What is the highest common factor of 36 and w?
4
Suppose 0 = j - 0*j - 10. Suppose 2*k - m - 61 = 0, 2*k + 4*m - 46 = -j. Let n = k + -17. Calculate the highest common divisor of n and 44.
11
Suppose -6*h = -7*h + 43. What is the greatest common divisor of h and 43?
43
Suppose 6 - 474 = -9*d. Calculate the greatest common divisor of d and 4.
4
Let g(r) = r**3 - 5. Let t be g(0). Let n(f) = f**3 + 6*f**2 - 2*f - 5. Let p be n(t). Calculate the greatest common factor of 75 and p.
15
Let d = -3 - -5. Let v = 5 + -1. Suppose d*c - v = 4*x - 34, 0 = 3*x + 5*c - 3. What is the highest common divisor of x and 18?
6
Let p be -1 + (-4 - -2) - -14. What is the greatest common factor of p and 77?
11
Suppose 0 = 2*u + 2*j + 26, -2*j - j - 71 = 5*u. Let s = u + 28. Calculate the highest common factor of 3 and s.
3
Let m = -2 + 5. Let l = 24 - -9. What is the greatest common factor of l and m?
3
Let g = 194 - 122. Suppose 0 = 2*l - 5*c - 13, -l + 37 = 3*l + c. Calculate the greatest common divisor of l and g.
9
Let u = -83 + 227. Calculate the highest common divisor of u and 18.
18
Let o = 279 + -189. Calculate the greatest common divisor of 10 and o.
10
Let x(s) = 3*s + 26. Let r be x(-7). Calculate the highest common divisor of r and 40.
5
Let h(k) be the first derivative of -k**4/4 - 8*k**3/3 - 3*k**2/2 - 12*k + 4. Let b be h(-8). What is the highest common factor of b and 4?
4
Let i = 29 + -4. Let n be 13 + 1 - (0 - 0). Let s = i - n. What is the greatest common factor of s and 121?
11
Let y(m) = 11*m + 11. Suppose -l = 5*t + 1, -t - 54 + 16 = -4*l. Let d be y(l). What is the highest common divisor of 10 and d?
10
Let i be (3 + 3 - 1)*5. What is the highest common factor of i and 125?
25
Let j = -10 + 20. Calculate the highest common factor of j and 50.
10
Let f = 98 - 90. What is the greatest common divisor of f and 2?
2
Suppose 0 = -15*z + 19*z - 440. Let j = 10 + 0. What is the greatest common divisor of j and z?
10
Suppose 0 = -3*v + 3*y + 138, -4*v - 3*y + 38 = -3*v. Let h be (-10)/(-3) + (-2)/(-3). Calculate the greatest common divisor of h and v.
4
Let b be (20 + 32/8)*7/4. What is the highest common divisor of b and 336?
42
Let z = -45 - -80. Suppose -y + 3*n + z = 0, 0*n = -3*n - 3. Calculate the highest common factor of 48 and y.
16
Let w be (10/(-3) - -2)*-3. Suppose 4*n + 76 = 3*j, 0 = -w*n + 3 + 17. Let a = j + -22. Calculate the greatest common factor of 100 and a.
10
Let k = -76 - -111. Suppose -5*z = h - k, -3*h = -0*z + z + 7. Suppose -4*v - v + 40 = 0. What is the greatest common divisor of v and z?
8
Suppose z - 6*z + 55 = 0. What is the highest common divisor of z and 121?
11
Suppose -5 = 5*d - 0*d. Let g = d - -2. Calculate the highest common divisor of 11 and g.
1
Let p be (3 - 2) + 7 + 4. What is the highest common factor of p and 60?
12
Let k = 81 - 67. What is the highest common divisor of k and 154?
14
Suppose -5*